is divided by (108 + -4)/4 - 2?
17
Let g = 977 - 803. Calculate the remainder when g is divided by 98.
76
Suppose -v - 5*w = -25, -4*w - 11 = -3*v - 3*w. Suppose v*p - 2*p = 60. Let d(x) = 37*x**3 + x**2 - x + 1. What is the remainder when d(1) is divided by p?
18
What is the remainder when (1 + -5)*((-517)/22 + 9) is divided by 5?
3
Let w(u) = 19*u + 151. Calculate the remainder when w(13) is divided by 16.
14
Let a(u) = -2*u**2 + 136*u - 87. Calculate the remainder when 180 is divided by a(67).
39
Calculate the remainder when 10 is divided by 16/3 + 5/(-60)*4.
0
Suppose 0 = p + 3, 3*n - 3*p = 2*p + 21. Suppose 4*s = n*s - 10. What is the remainder when 1055/25 - (-1)/s is divided by 15?
12
Let x = -156 + 195. Calculate the remainder when 3178/21 + 4/6 is divided by x.
35
Suppose 2*k + 2 = 0, -3*p - 178 = -0*k - 2*k. Let j be (-4896)/p - 4/(-10). Let v = 115 - j. What is the remainder when v is divided by 18?
15
Calculate the remainder when 244 is divided by (12/(-15))/(62/(-15) - -4).
4
Let a = 139 + -23. Suppose -4*b = 40 - a. What is the remainder when 74 is divided by b?
17
What is the remainder when -28*((-576)/(-14))/(-8) is divided by 37?
33
Suppose 31*q - 336 = 7*q. Calculate the remainder when 443 is divided by q.
9
Suppose 0 = 5*o - 740 + 355. Calculate the remainder when o is divided by 21.
14
Let u(r) = -2*r**2 + 19*r - 7. Let b be u(9). Suppose -b = -z + 2. What is the remainder when 14 is divided by z?
2
Let z = 19 + 26. Let m(w) = -w**3 + 2*w**2 + w + 3. What is the remainder when z is divided by m(-2)?
11
Suppose 4*c + 2 = 6*c, 5*v = c + 79. Let p = 250 - 241. What is the remainder when v is divided by p?
7
Suppose 5 = t + z - 9, -5*z - 44 = -t. What is the remainder when 55 is divided by t?
17
Suppose -4*i + 2*c = -31 - 11, 0 = -2*i - 4*c + 26. Suppose -5*v + v - 2*y + 168 = 0, -2*y = -3*v + 126. What is the remainder when v is divided by i?
9
Let v = 198 + -188. Calculate the remainder when 29 is divided by v.
9
Suppose 3*h - g - 35 = 0, 2*h + g + 55 = 7*h. Calculate the remainder when 145 is divided by h.
5
Let c = -381 + 389. Calculate the remainder when 86 is divided by c.
6
Let p(t) = -85*t - 29. Calculate the remainder when p(-2) is divided by 21.
15
Suppose 0 = 3*d + 3*n - 258, 87*n = -4*d + 88*n + 329. What is the remainder when 1410 is divided by d?
82
Suppose -3*w + 75 = -33. Suppose 5*l - 5 = 0, 2*f - 25 = l + 12. Calculate the remainder when w is divided by f.
17
Suppose 5048*j - 5046*j = 236. What is the remainder when j is divided by 24?
22
Let d(a) = 2*a**2 - 33*a - 5. Calculate the remainder when d(25) is divided by 25.
20
Let r = 1253 - 1194. Calculate the remainder when 188 is divided by r.
11
Let i(d) = -d**3 + 13*d**2 + 3. Let y be i(13). Calculate the remainder when 50 - (-1 - (y - 5)) is divided by 17.
15
What is the remainder when 115 is divided by (42/(-63))/(8/6)*-116?
57
Suppose 304*m - 61*m = -70*m + 5634. Suppose -11 = 2*h - 97. Calculate the remainder when h is divided by m.
7
Suppose 31*j - 39*j + 336 = 0. Let v be (19/(-2))/(1/2). Let i = j - v. What is the remainder when i is divided by 21?
19
Suppose -2*i + 42 + 107 = x, -3*x - 378 = -5*i. What is the remainder when 162 is divided by i?
12
Suppose 4*c + 3*n - 16 = 0, 2*n + 16 = -2*n. Suppose 0 = -c*p - 4*p + 99. Calculate the remainder when p is divided by 6.
3
Let i be (-8)/4*(0 - 1). Suppose -52 - 110 = -i*x. Suppose -21*u + 882 = 21*u. Calculate the remainder when x is divided by u.
18
Suppose 0 = 24*a - 424 - 32. Let n(z) = 5*z**2 + 3*z - 4. Let v be n(-3). Let d = v - -5. What is the remainder when d is divided by a?
18
Suppose u - 3*a - 19 = 0, -11*u + 7*u + 68 = -4*a. What is the remainder when 61 is divided by u?
13
Suppose -3*p = -111 + 351. Let b = 131 + p. Let v = -1 - -14. Calculate the remainder when b is divided by v.
12
Suppose 3*d = 2*d + 24. Suppose 9*x = 6*x + d. Suppose 46 = 5*s - 109. What is the remainder when s is divided by x?
7
Let v(t) = -2*t**2 - 6*t + 14 - 3 - 1 - 14*t. What is the remainder when 47 is divided by v(-10)?
7
Suppose 2*y + 237 = 3*z - y, 0 = z + 4*y - 54. Suppose 0 = -d - 5, -5*s + 172 = -4*d - 218. Suppose 174 - s = 4*a. What is the remainder when z is divided by a?
24
Let r(w) = w**3 + 27*w**2 + 27*w + 33. Let g be (8/(-3) + 2)*(-1 - -40). Calculate the remainder when 103 is divided by r(g).
5
Let p be 5*(-3 - 81/15). Let i = -17 - p. Calculate the remainder when i is divided by (7/(-2))/(4/(-8)).
4
Let m = -10 - -1. Let f = 9 + m. Suppose f = -7*o + 5*o + 18. Calculate the remainder when 17 is divided by o.
8
Let f = 112 + -54. Let v(u) = -u**2 - 8*u + 5. What is the remainder when f is divided by v(-5)?
18
Let u(s) = s**3 + 12*s**2 + 10*s - 24. What is the remainder when u(-10) is divided by 13?
11
Let r be (-6)/(-4 - (3 - 5)). Let x(y) = -4*y**2 + 8*y**3 + 3 + y - 4*y**r + y**3. Calculate the remainder when x(3) is divided by 27.
24
Suppose 3*b - 122 = 172. What is the remainder when b is divided by 41?
16
Calculate the remainder when 92 is divided by (-232)/(-9) + (442/(-117))/(-17).
14
Let w be -3*(-5)/(-15)*0. Suppose 4*g + w*u = -3*u + 31, 0 = g + u - 7. Calculate the remainder when 37 is divided by g.
7
Let u(q) = 14*q**2 - 66*q - 7. What is the remainder when u(6) is divided by 24?
5
Let t(k) = -k**3 - 13*k**2 - 26*k + 1. What is the remainder when t(-12) is divided by 19?
17
Suppose -2*p - 3*m - 41 = -6*p, 0 = 4*p - 5*m - 47. What is the remainder when p is divided by (-99)/(-81) + 2 - (2 - (-16)/(-9))?
2
Suppose 23*t - 54*t = -620. Let r(p) = 12*p**2 + 3*p - 1. Calculate the remainder when r(-3) is divided by t.
18
Suppose o = 5*l + 227, l = -2*l + o - 135. Let b = l + 97. What is the remainder when 202 is divided by b?
49
Let s(x) = -6*x + x + 17 + 0*x + 4*x. Calculate the remainder when 39 is divided by s(7).
9
Let m(u) = -18*u. Let j = -336 + 521. Suppose -4*o - 37 = 3*w - 152, 5*w + 5*o - j = 0. What is the remainder when w is divided by m(-1)?
15
Let k(t) = t**3 + 8*t**2 + 6*t - 5. Let o be k(-7). Let p(z) = -2*z + 19 + o*z + 2 + z**2. What is the remainder when p(0) is divided by 11?
10
What is the remainder when 338 is divided by (-9 - (-39)/2)/(4/40)?
23
Let x = 22 - 13. Let b(z) = -z + 7. Let g be b(x). What is the remainder when g - (-36)/(2/2) is divided by 18?
16
Let i(f) = f**2 + 7*f - 93. Calculate the remainder when i(18) is divided by 23.
12
Let y = -159 + 164. Calculate the remainder when 61 is divided by y.
1
Suppose -3*c = 5*x + 57, -x - 7 = 2*c + 24. What is the remainder when 40 + 19 - (5 + -3) is divided by (-402)/c + 2/7?
28
Suppose -6835 = -19*k + 11120. Calculate the remainder when k is divided by 79.
76
Calculate the remainder when 20/(-50) + (0 - 1434/(-10)) is divided by 51.
41
Let h = 41 + 36. What is the remainder when h is divided by (-1 + 8)*(-10)/280*-80?
17
Let i(a) = a**2 + 7*a + 4. Let r = 61 - 55. What is the remainder when i(r) is divided by 22?
16
Let a(q) = 11*q**2 + 20*q - 3. What is the remainder when a(-6) is divided by 55?
53
Suppose 0 = -6*k - 6*k + 1272. What is the remainder when k is divided by 9?
7
Let h(y) = -y**3 - 5*y**2 - 2*y - 3. Let x(k) = 2*k - 40. Let p be x(17). What is the remainder when h(-5) is divided by ((-10)/p)/((-2)/(-6))?
2
Let l be (-4)/((-4)/2 - 0). Suppose -3*r + l*u = 170, -3*r = -4*u - 54 + 232. What is the remainder when 0 - (3 - 2)*r is divided by 14?
12
Let k = -31 + 35. What is the remainder when ((-65)/10)/((-2)/k) is divided by 3?
1
Suppose 5*y = -2*g + 60, 121*y = 124*y + g - 36. Suppose -v + 3*k - 5*k = -43, v = -4*k + 41. Calculate the remainder when v is divided by y.
9
Suppose 2*w - 71*w = -3657. What is the remainder when w is divided by 15?
8
Suppose j = 3*i + 29, -4*j - 12 = -i - 73. Let s(q) = q**2 - 1. Calculate the remainder when j is divided by s(-2).
2
Let b = -238 + 400. What is the remainder when b is divided by 85?
77
Suppose -5*c - 356 + 1111 = 0. What is the remainder when c is divided by 41?
28
Let x(j) = j - 1. Let f be x(4). Suppose 0*y = 3*y + f. Calculate the remainder when 4 is divided by ((-12)/(-8) + y)*6.
1
Suppose -64 - 71 = -k. What is the remainder when k is divided by 6?
3
Suppose 0 = 10*u - 26*u + 80. What is the remainder when 7 is divided by u?
2
Let o = 5 + 7. Calculate the 